r?
True
Is 689431189 composite?
True
Is 2864329877 composite?
True
Is 5600436577 a prime number?
True
Is 278301809 composite?
True
Is 2862054781 prime?
True
Is 37239008537 prime?
False
Is 23242401979 prime?
False
Is 100685892467 a prime number?
True
Is 84982837 composite?
True
Is 37995647129 a composite number?
True
Is 23195252161 a prime number?
False
Is 38918877583 prime?
False
Is 3828495819 composite?
True
Is 1359170191 prime?
False
Is 181551549 a composite number?
True
Is 31420196491 a composite number?
False
Is 375718619 composite?
False
Is 13779219973 composite?
False
Is 12606332087 composite?
False
Is 1399758961 a prime number?
True
Is 2148345215 a prime number?
False
Is 2599114957 prime?
False
Is 3087326661 a prime number?
False
Is 9050926453 a composite number?
False
Is 1229328743 prime?
False
Is 30264963077 prime?
True
Is 856934017 composite?
False
Is 347340517 composite?
True
Is 181442801 a prime number?
True
Is 3974017927 prime?
False
Is 2163574837 a composite number?
False
Is 20676860389 a composite number?
True
Is 12370999 a prime number?
True
Is 56982161681 prime?
True
Is 19786719079 a composite number?
False
Is 824186303 a prime number?
True
Is 23643433537 a prime number?
True
Is 44958884819 composite?
False
Is 3422724541 a prime number?
False
Is 50744167 a composite number?
True
Is 129651211 prime?
True
Is 25381842307 a composite number?
True
Is 37764920243 prime?
True
Is 18163596301 a prime number?
True
Is 1842493985 composite?
True
Is 362970305207 prime?
True
Is 11161362613 prime?
False
Is 3460367047 composite?
False
Is 27203569 a composite number?
False
Is 22884346813 composite?
False
Is 65216586049 prime?
False
Is 87490159 a composite number?
False
Is 58674194647 a prime number?
False
Is 223806473 a composite number?
True
Is 3950926169 a composite number?
False
Is 3124467481 composite?
True
Is 2486095733 a composite number?
True
Is 49134637 a prime number?
False
Is 2296265579 composite?
True
Is 152964218041 a composite number?
False
Is 65311594013 a composite number?
False
Is 8883446603 a prime number?
False
Is 2869633499 a composite number?
False
Is 1036832581 a composite number?
False
Is 18060486883 a composite number?
False
Is 733818667 a composite number?
False
Is 1372509431 composite?
False
Is 24508233391 prime?
True
Is 107212901 prime?
True
Is 1465928539 a prime number?
True
Is 26808753737 composite?
True
Is 23456298121 composite?
False
Is 107773550783 composite?
True
Is 3989012471 prime?
True
Is 885384509 a prime number?
False
Is 97177573 composite?
False
Is 1361729473 prime?
False
Is 87145581 a composite number?
True
Is 4241913283 prime?
False
Is 22073789303 a composite number?
False
Is 1704120373 composite?
True
Is 162892674421 a prime number?
True
Is 942421649 a prime number?
False
Is 8785578517 a prime number?
True
Is 6319749929 a prime number?
True
Is 6723105037 composite?
True
Is 103704187963 a prime number?
True
Is 3177702751 composite?
False
Is 1047975631 prime?
True
Is 5487306509 prime?
True
Is 33892828133 prime?
True
Is 203069651 prime?
False
Is 18128699689 a prime number?
True
Is 15840021541 composite?
True
Is 380209861 a composite number?
False
Is 38173101247 a composite number?
False
Is 984505231 prime?
False
Is 2973016571 a prime number?
False
Is 1731000611 a prime number?
True
Is 22651009697 composite?
False
Is 8393667 prime?
False
Is 756360739 a prime number?
False
Is 26607412141 composite?
False
Is 14193596173 prime?
False
Is 3350551541 a composite number?
False
Is 125195786213 a composite number?
False
Is 9589329901 a composite number?
True
Is 20354064037 prime?
False
Is 3719228113 prime?
True
Is 865235023 prime?
True
Is 7932892739 a composite number?
False
Is 2159918083 composite?
True
Is 1372959461 composite?
False
Is 10532867437 a prime number?
True
Is 9866741837 a composite number?
False
Is 4407396157 a composite number?
True
Is 6020935861 composite?
False
Is 2858229139 prime?
True
Is 52952051 a composite number?
False
Is 16063819273 composite?
True
Is 125447453 prime?
False
Is 7291389961 prime?
True
Is 19128955949 composite?
True
Is 32914423789 composite?
True
Is 5648999327 a prime number?
True
Is 14031597427 composite?
False
Is 994119383 a composite number?
False
Is 4405953271 a prime number?
True
Is 1164350303 a prime number?
True
Is 389037589 composite?
True
Is 97639765543 composite?
True
Is 1562034191 a composite number?
True
Is 20011699397 a composite number?
False
Is 57214921 composite?
False
Is 30792197 composite?
False
Is 211904849 composite?
True
Is 72223641341 composite?
True
Is 18204360709 a composite number?
False
Is 7757954873 a prime number?
True
Is 155597760779 composite?
True
Is 4068480365 composite?
True
Is 27437056193 a prime number?
True
Is 33411234957 a prime number?
False
Is 59306760899 composite?
False
Is 31620079613 composite?
False
Is 5192137169 a prime number?
False
Is 41670623287 a composite number?
False
Is 9395552963 composite?
False
Is 23725984487 a prime number?
False
Is 2668576709 a prime number?
False
Is 1956392587 composite?
True
Is 410410037 composite?
False
Is 131818495253 prime?
False
Is 259242870461 composite?
False
Is 816445274 a prime number?
False
Is 368329789 composite?
False
Is 233127111499 a prime number?
True
Is 40873631537 a composite number?
True
Is 78589189453 a prime number?
True
Is 8259147881 a composite number?
True
Is 102269249 prime?
False
Is 10588529327 composite?
True
Is 1297430003 prime?
True
Is 64870576669 a composite number?
False
Is 9907690609 composite?
True
Is 585356873 a composite number?
True
Is 301324581901 prime?
False
Is 2393793587 prime?
True
Is 10833091727 composite?
False
Is 2292546359 a prime number?
False
Is 80792857867 a prime number?
False
Is 568932629 a prime number?
True
Is 136543969 a prime number?
True
Is 27839061869 a prime number?
False
Is 452756177 a composite number?
True
Is 17006265473 composite?
False
Is 56415010429 composite?
False
Is 907006769 prime?
False
Is 1158123773 a composite number?
True
Is 2302558793 a composite number?
False
Is 529601593 composite?
True
Is 524508373 a prime number?
True
Is 71541924931 prime?
True
Is 99359081 composite?
True
Is 13616346169 composite?
True
Is 795758079 prime?
False
Is 3243931771 composite?
True
Is 13281713923 composite?
True
Is 1062238433 a composite number?
True
Is 1022685739 composite?
True
Is 2326299719 a prime number?
True
Is 3184166431 a prime number?
True
Is 3652335461 a composite number?
False
Is 13055431139 composite?
True
Is 304138133 a prime number?
False
Is 815665723 prime?
True
Is 494166769 a composite number?
False
Is 2506833013 prime?
True
Is 54757565167 prime?
True
Is 61688144821 prime?
True
Is 196649045519 a composite number?
True
Is 38847967 composite?
False
Is 1346401597 composite?
True
Is 6670892807 a composite number?
False
Is 7246484213 composite?
True
Is 210308669 prime?
True
Is 354692549 a composite number?
True
Is 22712099021 a prime number?
False
Is 24724972171 composite?
True
Is 30057775651 a prime number?
False
Is 552392107 a composite number?
True
Is 5924886901 a composite number?
True
Is 1772892151 composite?
True
Is 1119271911 composite?
True
Is 3833468927 a composite number?
False
Is 158703127 composite?
True
Is 6682236191 a composite number?
True
Is 36379324439 a composite number?
False
Is 4857821473 a prime number?
True
Is 751573957 prime?
True
Is 2221649779 a composite number?
True
Is 343683449 composite?
False
Is 777285669 a prime number?
False
Is 925093133 composite?
False
Is 4592641 a composite number?
False
Is 12231437243 prime?
False
Is 4140975887 prime?
True
Is 1067703601 prime?
True
Is 90789996757 a composite number?
False
Is 911338313 a prime number?
True
Is 214783681 prime?
False
Is 536207891 composite?
False
Is 829521293 prime?
False
Is 3313030913 composite?
False
Is 5969557663 a prime number?
True
Is 4893212113 a composite number?
False
Is 4674918307 a prime number?
False
Is 1582090187 a prime number?
True
Is 1348099703 prime?
True
Is 18888676529 prime?
True
Is 702526693 prime?
False
Is 25099691263 composite?
True
Is 14031570467 prime?
False
Is 2017106587 a prime number?
False
Is 12956268167 a composite number?
False
Is 7601073509 composite?
True
Is 92481971 composite?
False
Is 38423936437 prime?
False
Is 38931083602 a co